 + 27. Let j be p(-6). Suppose 2*t - 6*t = -5*l + 250, j = 5*l + t. Let x = 74 - l. What is the tens digit of x?
2
Let z = -224 + 225. What is the units digit of (z + 5)*1/(8/1996)?
7
Suppose -i - 2*j + 18919 = 0, 80 - 76 = 4*j. What is the hundreds digit of i?
9
Suppose 6*g = -8 + 26. Let r(h) = h**g - 20*h + 0*h**3 + 7*h**3 - 7*h**3 - 14 + 16*h**2. What is the units digit of r(-17)?
7
Suppose -91*a = -93*a + 4*l + 11326, 0 = 2*l - 10. What is the hundreds digit of a?
6
Let t(g) = -46*g + 10. Let z(y) = -y + 1. Let w(b) = -2*t(b) + 6*z(b). What is the units digit of w(1)?
2
Suppose 5*k - 2*k = 6. Let s(r) = 4*r + 0*r + 2*r**k + 5 - 3 - 9*r. What is the tens digit of s(-4)?
5
Let r be ((-12)/(-18))/((-2)/(-39)). Suppose -p - 3108 = -r*p. What is the units digit of p?
9
Suppose 28 = -3*a + 5*a. Let b(j) = 5*j - 140. Let p(m) = 2*m - 47. Let n(k) = -3*b(k) + 8*p(k). What is the tens digit of n(a)?
5
What is the tens digit of 658 + 8 + (3 + -2 - -1) + 1?
6
Let o(m) = -m**3 - 4*m**2 - 20*m - 2. Let u = 90 - 94. What is the units digit of o(u)?
8
Suppose 16*q - 61*q = 15*q - 811680. What is the tens digit of q?
2
Let p = 12827 + 5465. What is the thousands digit of p?
8
Suppose -87 = -24*n + 11 - 2. Let i be (0 - -1) + 2/1. Suppose n*r = s + 337, -i*r + 100 = -2*r + 5*s. What is the units digit of r?
5
Let b(j) = 44*j + 18. Let m be 2 + -14*(-2)/(-4). Let a(z) = -1. Let d(g) = m*a(g) + b(g). What is the hundreds digit of d(6)?
2
Let b = 750 + -495. Suppose -b = -3*z + 3519. What is the thousands digit of z?
1
What is the tens digit of 30/(-40) + -5 + 80217/12?
7
Let q(r) = 1982*r**2 - 22*r - 58. What is the ten thousands digit of q(-5)?
4
Let x(s) = 3*s**2 - 6*s + 19. Let o be x(7). Suppose -3*t = -2*t + o. Let p = -89 - t. What is the tens digit of p?
3
Let j(g) = 696*g**2 - 5*g - 38. What is the thousands digit of j(-4)?
1
Let s(q) be the first derivative of 1/3*q**3 - 19/2*q**2 - 2*q - 9. What is the units digit of s(22)?
4
Let t be (1 + -2 - (2 - 1)) + 11. Let j(h) = t*h + 2 - 77*h + 2*h - 1. What is the units digit of j(-1)?
7
What is the thousands digit of 6/3*(6 - (-76127)/2)?
6
Let p(r) be the third derivative of -r**4/24 + r**3/3 + 16*r**2. Let o be p(4). What is the tens digit of (93/6 - -4)/(o/(-12))?
1
Let z be -8 - (-8 - (478 + -2)). Suppose -3*n - 896 = -2*x, -4*x + 1324 + z = -4*n. What is the tens digit of x?
5
Let i = -169 - -402. Suppose 4*w + i = z, 208 = 3*z - 2*z + w. What is the hundreds digit of z?
2
Suppose i = 5*k + 128, -k - 75 - 61 = -i. Suppose 9*x - 21*x - 660 = 0. Let d = i + x. What is the tens digit of d?
8
Let q = 97 - -46. Suppose q = -t - 3*m + 387, 4*m = -2*t + 488. What is the hundreds digit of t?
2
Let d be (-4)/((-4)/2)*1. Let r(v) = -v**3 + 41*v**2 - 2*v + 87. Let j be r(41). Suppose 2*q - j*h - 259 = 0, -q = d*q + 4*h - 400. What is the tens digit of q?
3
Suppose 7*b - 13 = 15. Suppose 3*f = -p - b + 15, -p + 4 = -4*f. Suppose -108 = -p*u + 476. What is the tens digit of u?
7
What is the hundreds digit of 77/(-44) - 62/(-8) - -1373?
3
Let r(y) = 65*y**2 + 12*y - 90. Let d be r(9). Suppose -89*c + 98*c = d. What is the hundreds digit of c?
5
Let n(u) = 11*u**2 - 23*u - 4. Suppose -4*q = -0*q + 20, -4*w - 3*q + 5 = 0. What is the units digit of n(w)?
6
Suppose 0 = 6*k - 4*k - w - 35, -4*k + 55 = w. Suppose -3*c = k, 2*d = -0*c - c + 1751. What is the hundreds digit of d?
8
What is the hundreds digit of (29952/(-40))/(42/(-2415))?
0
Suppose 2*n - 5*m + 47 = 4*n, -3*n = 4*m - 67. Suppose 22*c - 213 = n*c. What is the hundreds digit of c?
2
Let q be -2 - 9/(9/(-32)). Let u be (24/(-5))/((-4)/q). Let b = -18 + u. What is the tens digit of b?
1
Let j(r) = -r**3 + 4*r**2 + r + 1. Let u be j(4). Suppose a + u = -4*a. What is the tens digit of (-1 + 99)*(a + (-9)/(-6))?
4
Suppose 0 = -41*j + 6*j + 217350. What is the units digit of j?
0
Let u be (-2)/4 - (-4 - 6660/8). Suppose 8*r = -u + 4612. What is the units digit of r?
2
Suppose 0 = -5*y + 4*q + 2077 - 8528, 2*q = 5*y + 6453. Let z = y + 2532. What is the hundreds digit of z?
2
Let z(s) = -19*s - 318. Let h be z(17). Let c = 1781 + h. What is the units digit of c?
0
What is the tens digit of (-9)/3*-6*(-17170)/(-303)?
2
Suppose 1 = r, -2*c - 766 = 4*r - 17878. What is the thousands digit of c?
8
Suppose 3 = w + 1. Suppose 3*m = 3*j - 18, 3*j - 5*m = 22 - w. Suppose 0 = j*c - 5*z, -c - 2*z + 0*z + 3 = 0. What is the units digit of c?
1
Let d(s) = s**2 - 36*s + 242. Suppose -8*f + 448 = 8*f. What is the units digit of d(f)?
8
Let n(w) = 11*w**2 - 213*w + 2017. What is the ten thousands digit of n(56)?
2
Suppose -45084 - 115324 = -3*i - w, 0 = -i - 5*w + 53474. What is the thousands digit of i?
3
Suppose 8*n = 44 + 52. Suppose -22 + n = f. What is the units digit of f/4*(-3)/((-3)/(-16))?
0
Suppose -110 = -10*j - j. Suppose j*w - 16*w = 18. What is the units digit of (41132/(-24))/(-13) - w/18?
2
Suppose 87*i + 5*o - 11793 = 85*i, -4*i = 4*o - 23592. What is the hundreds digit of i?
8
Let f be (-12)/33*(-121)/22. Suppose 12*s - 13*s + 879 = f*k, k - 444 = 4*s. What is the units digit of k?
0
Let x(r) = 3*r**2 - 11*r + 22. Let f(l) = 6*l + 34. Let j be f(-4). What is the units digit of x(j)?
2
What is the units digit of (2 + 10 - 16)*2*(-3007 + -2)?
2
Let i(h) = h + 2. Let m(c) = 112*c + 163. Let b(g) = 4*i(g) - m(g). What is the tens digit of b(-8)?
0
What is the hundreds digit of 14373*(0/(-1) + 588/252)?
5
Let b(j) = 7*j**2 - 4*j - 3. Let g be b(-3). Let n = 613 + -578. Let p = n + g. What is the hundreds digit of p?
1
Suppose 8*c = -5*c + 104. Suppose -c*b = -744 - 512. What is the tens digit of b?
5
What is the thousands digit of 6/15 - -325659*20/300?
1
What is the tens digit of (-3563 - -41)/(8/(-12))?
8
Suppose 0 = 401*i - 405*i - 4*p + 208220, 0 = 5*i - 5*p - 260295. What is the ten thousands digit of i?
5
Let s(r) = 2974*r**3 + 10*r**2 - 10*r + 1. Let l be s(1). Let v = l - 2069. What is the tens digit of v?
0
Let h be 10/((-8)/(3 - -1)). Let k = h - 12. Let l(r) = -r**2 - 17*r + 2. What is the units digit of l(k)?
2
Let a(o) = 1859*o**2 - 4*o - 4. Let x be a(-1). Suppose 3055 = 18*u - x. What is the hundreds digit of u?
2
Suppose 0 = -0*c + c - 7. Suppose -c*l + 45 = -12*l. What is the units digit of -1 + 9/(l/(-106))?
5
Let g(a) = 8*a + 17. Let w be g(-4). Let z be (w - -3)*(-4)/(-3). What is the hundreds digit of (183/2)/((-8)/z)?
1
Let j(w) = -1069*w - 2038. What is the units digit of j(-10)?
2
Let k(b) be the second derivative of b**4/12 + 2*b**3/3 - 35*b**2/2 + 23*b. Let g(z) = 3*z**2 + 16*z - 6. Let w be g(-5). What is the tens digit of k(w)?
4
Suppose 867*u - 814*u - 2345 + 596 = 0. What is the tens digit of u?
3
Let v(u) be the first derivative of u**3/3 + 10*u**2 - 23*u + 5. Let h be v(-19). Let y = 167 + h. What is the units digit of y?
5
What is the thousands digit of ((-24)/10 - (-1428)/170)*(-35414)/(-4)?
3
Suppose 4*i = -4*j + 8356, -3*j - 6*i + i + 6265 = 0. Suppose -7*a = -j - 1396. Suppose -4*z - a = -10*z. What is the tens digit of z?
8
Let x(r) = -3*r + 92. Let d be (-1)/(-2)*(-34)/1. What is the hundreds digit of x(d)?
1
Suppose 3*m - 8128 = 2*x, 37*m + 3*x + 2721 = 38*m. Let o = -1800 + m. What is the tens digit of o?
0
Let a = 9 - 6. Suppose 0 = -5*k + 4*u + 40, -9*u = -7*u + 10. Suppose -k*n = -2*d + 120, 8*d - a*n - 307 = 3*d. What is the tens digit of d?
6
Suppose 5*c - 20 = 3*n, -2*c - n + 8 = 2*n. Suppose 260 = c*w - 564. What is the units digit of w?
6
Suppose -2*p = -33 + 247. Suppose 0 = -6*s + s - 1155. Let z = p - s. What is the tens digit of z?
2
Suppose 0 = 4*z - 3*d - 294, -3*z - d + 137 = -90. Suppose 0 = -3*m + 2*n + z, -2*n + 41 = 2*m + 1. What is the units digit of m?
3
Let y be (4/4 + 3)*(-1 + 2). Suppose 72 = 6*p - 2*p - 2*f, -2*p = y*f - 56. What is the units digit of (-4)/(-10) + (3352/p - 4)?
4
Let g = 75778 - 44485. Suppose -g = -11*t - 46*t. What is the units digit of t?
9
Suppose 10371 + 549 = 2*m. What is the thousands digit of m?
5
Let n = -74 - -84. Let k(z) = -62*z**3 - 10*z**2 - 4 + 61*z**3 + 14 + n*z. What is the units digit of k(-11)?
1
Suppose 21*m + 12 = 25*m. Suppose -305 = -3*v - q, -6*q + 9*q - 297 = -m*v. What is the hundreds digit of v?
1
Let k(b) = -b + 12. Let y be k(12). Suppose -11*a - 11